{"id":1983,"date":"2024-06-08T05:51:55","date_gmt":"2024-06-08T04:51:55","guid":{"rendered":"https:\/\/strausspartner.com\/landesmesse-stuttgart\/"},"modified":"2024-06-10T08:23:24","modified_gmt":"2024-06-10T07:23:24","slug":"landesmesse-stuttgart","status":"publish","type":"page","link":"http:\/\/strausspartner.com\/gr\/landesmesse-stuttgart\/","title":{"rendered":"Landesmesse Stuttgart"},"content":{"rendered":"<p>[et_pb_section fb_built=&#8221;1&#8243; _builder_version=&#8221;4.25.1&#8243; _module_preset=&#8221;default&#8221; background_image=&#8221;http:\/\/strausspartner.com\/wp-content\/uploads\/2024\/06\/Baggrund-Stuttgart.jpg&#8221; global_colors_info=&#8221;{}&#8221;][et_pb_row column_structure=&#8221;1_2,1_2&#8243; make_equal=&#8221;on&#8221; _builder_version=&#8221;4.25.1&#8243; _module_preset=&#8221;default&#8221; custom_margin=&#8221;0px||||false|false&#8221; custom_padding=&#8221;0px||||false|false&#8221; hover_enabled=&#8221;0&#8243; global_colors_info=&#8221;{}&#8221; sticky_enabled=&#8221;0&#8243;][et_pb_column type=&#8221;1_2&#8243; _builder_version=&#8221;4.25.1&#8243; _module_preset=&#8221;default&#8221; background_color=&#8221;rgba(34,34,34,0.88)&#8221; custom_padding=&#8221;|50px|50px|50px|false|false&#8221; border_radii=&#8221;on|50px|50px|50px|50px&#8221; global_colors_info=&#8221;{}&#8221;][et_pb_image src=&#8221;http:\/\/strausspartner.com\/wp-content\/uploads\/2024\/06\/group-MC0.png&#8221; title_text=&#8221;group-MC0&#8243; align=&#8221;center&#8221; _builder_version=&#8221;4.25.1&#8243; _module_preset=&#8221;default&#8221; max_width=&#8221;250px&#8221; module_alignment=&#8221;center&#8221; filter_brightness=&#8221;200%&#8221; global_colors_info=&#8221;{}&#8221;][\/et_pb_image][et_pb_text _builder_version=&#8221;4.25.1&#8243; _module_preset=&#8221;default&#8221; text_orientation=&#8221;center&#8221; background_layout=&#8221;dark&#8221; custom_margin=&#8221;-50px||||false|false&#8221; global_colors_info=&#8221;{}&#8221;]<\/p>\n<p>Landesmesse Stuttgart er et af verdens st\u00f8rste messeselskaber, med i alt 180.000 kvadratmeter udstillingsareal.<\/p>\n<p>P\u00e5 messerne i Stuttgart var der i 2022 \/ 2023, 13.558 udstillere og 596.086.bes\u00f8gende.<\/p>\n<p>Som den officielle internationale repr\u00e6sentant for Landesmesse Stuttgart GmbH i Skandinavien, er det vores opgave at servicere udstillere og bes\u00f8gende. Vi servicerer ogs\u00e5 ministerier\/institutioner, foreninger, handelskamre og fagpressen.<\/p>\n<p>[\/et_pb_text][et_pb_button button_url=&#8221;https:\/\/strausspartner.com\/gr\/kontakt\/&#8221; button_text=&#8221; Kontakt os&#8221; button_alignment=&#8221;center&#8221; _builder_version=&#8221;4.25.1&#8243; _module_preset=&#8221;default&#8221; custom_css_main_element=&#8221;min-width:355px;&#8221; global_colors_info=&#8221;{}&#8221; custom_css_main_element_last_edited=&#8221;on|phone&#8221; custom_css_main_element_phone=&#8221;min-width:100%;&#8221; custom_css_main_element_tablet=&#8221;min-width:355px;&#8221;][\/et_pb_button][et_pb_button button_url=&#8221;https:\/\/www.messe-stuttgart.de\/en\/&#8221; url_new_window=&#8221;on&#8221; button_text=&#8221;Officiel hjemmeside &#8221; button_alignment=&#8221;center&#8221; _builder_version=&#8221;4.25.1&#8243; _module_preset=&#8221;default&#8221; custom_css_main_element=&#8221;min-width:355px;&#8221; global_colors_info=&#8221;{}&#8221; custom_css_main_element_last_edited=&#8221;on|phone&#8221; custom_css_main_element_phone=&#8221;min-width:100%;&#8221; custom_css_main_element_tablet=&#8221;min-width:355px;&#8221;][\/et_pb_button][\/et_pb_column][et_pb_column type=&#8221;1_2&#8243; _builder_version=&#8221;4.25.1&#8243; _module_preset=&#8221;default&#8221; background_enable_image=&#8221;off&#8221; custom_padding_phone=&#8221;||250px||false|false&#8221; custom_padding_last_edited=&#8221;off|desktop&#8221; hover_enabled=&#8221;0&#8243; border_radii=&#8221;on|50px|50px|50px|50px&#8221; global_colors_info=&#8221;{}&#8221; sticky_enabled=&#8221;0&#8243;][et_pb_image src=&#8221;http:\/\/strausspartner.com\/wp-content\/uploads\/2024\/06\/Kort-Stuttgart-scaled.jpg&#8221; title_text=&#8221;Kort Stuttgart&#8221; show_in_lightbox=&#8221;on&#8221; _builder_version=&#8221;4.25.1&#8243; _module_preset=&#8221;default&#8221; border_radii=&#8221;on|50px|50px|50px|50px&#8221; global_colors_info=&#8221;{}&#8221;][\/et_pb_image][\/et_pb_column][\/et_pb_row][\/et_pb_section]<\/p>\n","protected":false},"excerpt":{"rendered":"<p>Landesmesse Stuttgart er et af verdens st\u00f8rste messeselskaber, med i alt 180.000 kvadratmeter udstillingsareal. P\u00e5 messerne i Stuttgart var der i 2022 \/ 2023, 13.558 udstillere og 596.086.bes\u00f8gende. Som den officielle internationale repr\u00e6sentant for Landesmesse Stuttgart GmbH i Skandinavien, er det vores opgave at servicere udstillere og bes\u00f8gende. Vi servicerer ogs\u00e5 ministerier\/institutioner, foreninger, handelskamre og [&hellip;]<\/p>\n","protected":false},"author":5,"featured_media":0,"parent":0,"menu_order":0,"comment_status":"closed","ping_status":"closed","template":"","meta":{"_et_pb_use_builder":"on","_et_pb_old_content":"","_et_gb_content_width":"","footnotes":""},"class_list":["post-1983","page","type-page","status-publish","hentry"],"yoast_head":"<!-- This site is optimized with the Yoast SEO plugin v27.4 - https:\/\/yoast.com\/product\/yoast-seo-wordpress\/ -->\n<title>Landesmesse Stuttgart - Strausspartner<\/title>\n<meta name=\"robots\" content=\"index, follow, max-snippet:-1, max-image-preview:large, max-video-preview:-1\" \/>\n<link rel=\"canonical\" href=\"http:\/\/strausspartner.com\/gr\/landesmesse-stuttgart\/\" \/>\n<meta property=\"og:locale\" content=\"en_US\" \/>\n<meta property=\"og:type\" content=\"article\" \/>\n<meta property=\"og:title\" content=\"Landesmesse Stuttgart - Strausspartner\" \/>\n<meta property=\"og:description\" content=\"Landesmesse Stuttgart er et af verdens st\u00f8rste messeselskaber, med i alt 180.000 kvadratmeter udstillingsareal. P\u00e5 messerne i Stuttgart var der i 2022 \/ 2023, 13.558 udstillere og 596.086.bes\u00f8gende. Som den officielle internationale repr\u00e6sentant for Landesmesse Stuttgart GmbH i Skandinavien, er det vores opgave at servicere udstillere og bes\u00f8gende. Vi servicerer ogs\u00e5 ministerier\/institutioner, foreninger, handelskamre og [&hellip;]\" \/>\n<meta property=\"og:url\" content=\"http:\/\/strausspartner.com\/gr\/landesmesse-stuttgart\/\" \/>\n<meta property=\"og:site_name\" content=\"Strausspartner\" \/>\n<meta property=\"article:modified_time\" content=\"2024-06-10T07:23:24+00:00\" \/>\n<meta name=\"twitter:card\" content=\"summary_large_image\" \/>\n<meta name=\"twitter:label1\" content=\"Est. reading time\" \/>\n\t<meta name=\"twitter:data1\" content=\"2 minutes\" \/>\n<script type=\"application\/ld+json\" class=\"yoast-schema-graph\">{\"@context\":\"https:\\\/\\\/schema.org\",\"@graph\":[{\"@type\":\"WebPage\",\"@id\":\"http:\\\/\\\/strausspartner.com\\\/gr\\\/landesmesse-stuttgart\\\/\",\"url\":\"http:\\\/\\\/strausspartner.com\\\/gr\\\/landesmesse-stuttgart\\\/\",\"name\":\"Landesmesse Stuttgart - Strausspartner\",\"isPartOf\":{\"@id\":\"http:\\\/\\\/strausspartner.com\\\/gr\\\/#website\"},\"datePublished\":\"2024-06-08T04:51:55+00:00\",\"dateModified\":\"2024-06-10T07:23:24+00:00\",\"breadcrumb\":{\"@id\":\"http:\\\/\\\/strausspartner.com\\\/gr\\\/landesmesse-stuttgart\\\/#breadcrumb\"},\"inLanguage\":\"gr-GR\",\"potentialAction\":[{\"@type\":\"ReadAction\",\"target\":[\"http:\\\/\\\/strausspartner.com\\\/gr\\\/landesmesse-stuttgart\\\/\"]}]},{\"@type\":\"BreadcrumbList\",\"@id\":\"http:\\\/\\\/strausspartner.com\\\/gr\\\/landesmesse-stuttgart\\\/#breadcrumb\",\"itemListElement\":[{\"@type\":\"ListItem\",\"position\":1,\"name\":\"Home\",\"item\":\"http:\\\/\\\/strausspartner.com\\\/gr\\\/\"},{\"@type\":\"ListItem\",\"position\":2,\"name\":\"Landesmesse Stuttgart\"}]},{\"@type\":\"WebSite\",\"@id\":\"http:\\\/\\\/strausspartner.com\\\/gr\\\/#website\",\"url\":\"http:\\\/\\\/strausspartner.com\\\/gr\\\/\",\"name\":\"Strausspartner\",\"description\":\"\",\"potentialAction\":[{\"@type\":\"SearchAction\",\"target\":{\"@type\":\"EntryPoint\",\"urlTemplate\":\"http:\\\/\\\/strausspartner.com\\\/gr\\\/?s={search_term_string}\"},\"query-input\":{\"@type\":\"PropertyValueSpecification\",\"valueRequired\":true,\"valueName\":\"search_term_string\"}}],\"inLanguage\":\"gr-GR\"}]}<\/script>\n<!-- \/ Yoast SEO plugin. -->","yoast_head_json":{"title":"Landesmesse Stuttgart - Strausspartner","robots":{"index":"index","follow":"follow","max-snippet":"max-snippet:-1","max-image-preview":"max-image-preview:large","max-video-preview":"max-video-preview:-1"},"canonical":"http:\/\/strausspartner.com\/gr\/landesmesse-stuttgart\/","og_locale":"en_US","og_type":"article","og_title":"Landesmesse Stuttgart - Strausspartner","og_description":"Landesmesse Stuttgart er et af verdens st\u00f8rste messeselskaber, med i alt 180.000 kvadratmeter udstillingsareal. P\u00e5 messerne i Stuttgart var der i 2022 \/ 2023, 13.558 udstillere og 596.086.bes\u00f8gende. Som den officielle internationale repr\u00e6sentant for Landesmesse Stuttgart GmbH i Skandinavien, er det vores opgave at servicere udstillere og bes\u00f8gende. Vi servicerer ogs\u00e5 ministerier\/institutioner, foreninger, handelskamre og [&hellip;]","og_url":"http:\/\/strausspartner.com\/gr\/landesmesse-stuttgart\/","og_site_name":"Strausspartner","article_modified_time":"2024-06-10T07:23:24+00:00","twitter_card":"summary_large_image","twitter_misc":{"Est. reading time":"2 minutes"},"schema":{"@context":"https:\/\/schema.org","@graph":[{"@type":"WebPage","@id":"http:\/\/strausspartner.com\/gr\/landesmesse-stuttgart\/","url":"http:\/\/strausspartner.com\/gr\/landesmesse-stuttgart\/","name":"Landesmesse Stuttgart - Strausspartner","isPartOf":{"@id":"http:\/\/strausspartner.com\/gr\/#website"},"datePublished":"2024-06-08T04:51:55+00:00","dateModified":"2024-06-10T07:23:24+00:00","breadcrumb":{"@id":"http:\/\/strausspartner.com\/gr\/landesmesse-stuttgart\/#breadcrumb"},"inLanguage":"gr-GR","potentialAction":[{"@type":"ReadAction","target":["http:\/\/strausspartner.com\/gr\/landesmesse-stuttgart\/"]}]},{"@type":"BreadcrumbList","@id":"http:\/\/strausspartner.com\/gr\/landesmesse-stuttgart\/#breadcrumb","itemListElement":[{"@type":"ListItem","position":1,"name":"Home","item":"http:\/\/strausspartner.com\/gr\/"},{"@type":"ListItem","position":2,"name":"Landesmesse Stuttgart"}]},{"@type":"WebSite","@id":"http:\/\/strausspartner.com\/gr\/#website","url":"http:\/\/strausspartner.com\/gr\/","name":"Strausspartner","description":"","potentialAction":[{"@type":"SearchAction","target":{"@type":"EntryPoint","urlTemplate":"http:\/\/strausspartner.com\/gr\/?s={search_term_string}"},"query-input":{"@type":"PropertyValueSpecification","valueRequired":true,"valueName":"search_term_string"}}],"inLanguage":"gr-GR"}]}},"_links":{"self":[{"href":"http:\/\/strausspartner.com\/gr\/wp-json\/wp\/v2\/pages\/1983","targetHints":{"allow":["GET"]}}],"collection":[{"href":"http:\/\/strausspartner.com\/gr\/wp-json\/wp\/v2\/pages"}],"about":[{"href":"http:\/\/strausspartner.com\/gr\/wp-json\/wp\/v2\/types\/page"}],"author":[{"embeddable":true,"href":"http:\/\/strausspartner.com\/gr\/wp-json\/wp\/v2\/users\/5"}],"replies":[{"embeddable":true,"href":"http:\/\/strausspartner.com\/gr\/wp-json\/wp\/v2\/comments?post=1983"}],"version-history":[{"count":14,"href":"http:\/\/strausspartner.com\/gr\/wp-json\/wp\/v2\/pages\/1983\/revisions"}],"predecessor-version":[{"id":2327,"href":"http:\/\/strausspartner.com\/gr\/wp-json\/wp\/v2\/pages\/1983\/revisions\/2327"}],"wp:attachment":[{"href":"http:\/\/strausspartner.com\/gr\/wp-json\/wp\/v2\/media?parent=1983"}],"curies":[{"name":"wp","href":"https:\/\/api.w.org\/{rel}","templated":true}]}}

<p>[et_pb_section fb_built=&#8221;1&#8243; _builder_version=&#8221;4.25.1&#8243; _module_preset=&#8221;default&#8221; background_image=&#8221;http://strausspartner.com/wp-content/uploads/2024/06/Baggrund-Stuttgart.jpg&#8221; global_colors_info=&#8221;{}&#8221;][et_pb_row column_structure=&#8221;1_2,1_2&#8243; make_equal=&#8221;on&#8221; _builder_version=&#8221;4.25.1&#8243; _module_preset=&#8221;default&#8221; custom_margin=&#8221;0px||||false|false&#8221; custom_padding=&#8221;0px||||false|false&#8221; hover_enabled=&#8221;0&#8243; global_colors_info=&#8221;{}&#8221; sticky_enabled=&#8221;0&#8243;][et_pb_column type=&#8221;1_2&#8243; _builder_version=&#8221;4.25.1&#8243; _module_preset=&#8221;default&#8221; background_color=&#8221;rgba(34,34,34,0.88)&#8221; custom_padding=&#8221;|50px|50px|50px|false|false&#8221; border_radii=&#8221;on|50px|50px|50px|50px&#8221; global_colors_info=&#8221;{}&#8221;][et_pb_image src=&#8221;http://strausspartner.com/wp-content/uploads/2024/06/group-MC0.png&#8221; title_text=&#8221;group-MC0&#8243; align=&#8221;center&#8221; _builder_version=&#8221;4.25.1&#8243; _module_preset=&#8221;default&#8221; max_width=&#8221;250px&#8221; module_alignment=&#8221;center&#8221; filter_brightness=&#8221;200%&#8221; global_colors_info=&#8221;{}&#8221;][/et_pb_image][et_pb_text _builder_version=&#8221;4.25.1&#8243; _module_preset=&#8221;default&#8221; text_orientation=&#8221;center&#8221; background_layout=&#8221;dark&#8221; custom_margin=&#8221;-50px||||false|false&#8221; global_colors_info=&#8221;{}&#8221;]</p>
<p>Landesmesse Stuttgart er et af verdens største messeselskaber, med i alt 180.000 kvadratmeter udstillingsareal.</p>
<p>På messerne i Stuttgart var der i 2022 / 2023, 13.558 udstillere og 596.086.besøgende.</p>
<p>Som den officielle internationale repræsentant for Landesmesse Stuttgart GmbH i Skandinavien, er det vores opgave at servicere udstillere og besøgende. Vi servicerer også ministerier/institutioner, foreninger, handelskamre og fagpressen.</p>
<p>[/et_pb_text][et_pb_button button_url=&#8221;https://strausspartner.com/gr/kontakt/&#8221; button_text=&#8221; Kontakt os&#8221; button_alignment=&#8221;center&#8221; _builder_version=&#8221;4.25.1&#8243; _module_preset=&#8221;default&#8221; custom_css_main_element=&#8221;min-width:355px;&#8221; global_colors_info=&#8221;{}&#8221; custom_css_main_element_last_edited=&#8221;on|phone&#8221; custom_css_main_element_phone=&#8221;min-width:100%;&#8221; custom_css_main_element_tablet=&#8221;min-width:355px;&#8221;][/et_pb_button][et_pb_button button_url=&#8221;https://www.messe-stuttgart.de/en/&#8221; url_new_window=&#8221;on&#8221; button_text=&#8221;Officiel hjemmeside &#8221; button_alignment=&#8221;center&#8221; _builder_version=&#8221;4.25.1&#8243; _module_preset=&#8221;default&#8221; custom_css_main_element=&#8221;min-width:355px;&#8221; global_colors_info=&#8221;{}&#8221; custom_css_main_element_last_edited=&#8221;on|phone&#8221; custom_css_main_element_phone=&#8221;min-width:100%;&#8221; custom_css_main_element_tablet=&#8221;min-width:355px;&#8221;][/et_pb_button][/et_pb_column][et_pb_column type=&#8221;1_2&#8243; _builder_version=&#8221;4.25.1&#8243; _module_preset=&#8221;default&#8221; background_enable_image=&#8221;off&#8221; custom_padding_phone=&#8221;||250px||false|false&#8221; custom_padding_last_edited=&#8221;off|desktop&#8221; hover_enabled=&#8221;0&#8243; border_radii=&#8221;on|50px|50px|50px|50px&#8221; global_colors_info=&#8221;{}&#8221; sticky_enabled=&#8221;0&#8243;][et_pb_image src=&#8221;http://strausspartner.com/wp-content/uploads/2024/06/Kort-Stuttgart-scaled.jpg&#8221; title_text=&#8221;Kort Stuttgart&#8221; show_in_lightbox=&#8221;on&#8221; _builder_version=&#8221;4.25.1&#8243; _module_preset=&#8221;default&#8221; border_radii=&#8221;on|50px|50px|50px|50px&#8221; global_colors_info=&#8221;{}&#8221;][/et_pb_image][/et_pb_column][/et_pb_row][/et_pb_section]</p>

<p>Landesmesse Stuttgart er et af verdens største messeselskaber, med i alt 180.000 kvadratmeter udstillingsareal. På messerne i Stuttgart var der i 2022 / 2023, 13.558 udstillere og 596.086.besøgende. Som den officielle internationale repræsentant for Landesmesse Stuttgart GmbH i Skandinavien, er det vores opgave at servicere udstillere og besøgende. Vi servicerer også ministerier/institutioner, foreninger, handelskamre og [&hellip;]</p>

<!-- This site is optimized with the Yoast SEO plugin v27.4 - https://yoast.com/product/yoast-seo-wordpress/ -->
<title>Landesmesse Stuttgart - Strausspartner</title>
<meta name="robots" content="index, follow, max-snippet:-1, max-image-preview:large, max-video-preview:-1" />
<link rel="canonical" href="http://strausspartner.com/gr/landesmesse-stuttgart/" />
<meta property="og:locale" content="en_US" />
<meta property="og:type" content="article" />
<meta property="og:title" content="Landesmesse Stuttgart - Strausspartner" />
<meta property="og:description" content="Landesmesse Stuttgart er et af verdens største messeselskaber, med i alt 180.000 kvadratmeter udstillingsareal. På messerne i Stuttgart var der i 2022 / 2023, 13.558 udstillere og 596.086.besøgende. Som den officielle internationale repræsentant for Landesmesse Stuttgart GmbH i Skandinavien, er det vores opgave at servicere udstillere og besøgende. Vi servicerer også ministerier/institutioner, foreninger, handelskamre og [&hellip;]" />
<meta property="og:url" content="http://strausspartner.com/gr/landesmesse-stuttgart/" />
<meta property="og:site_name" content="Strausspartner" />
<meta property="article:modified_time" content="2024-06-10T07:23:24+00:00" />
<meta name="twitter:card" content="summary_large_image" />
<meta name="twitter:label1" content="Est. reading time" />
	<meta name="twitter:data1" content="2 minutes" />
<script type="application/ld+json" class="yoast-schema-graph">{"@context":"https:\/\/schema.org","@graph":[{"@type":"WebPage","@id":"http:\/\/strausspartner.com\/gr\/landesmesse-stuttgart\/","url":"http:\/\/strausspartner.com\/gr\/landesmesse-stuttgart\/","name":"Landesmesse Stuttgart - Strausspartner","isPartOf":{"@id":"http:\/\/strausspartner.com\/gr\/#website"},"datePublished":"2024-06-08T04:51:55+00:00","dateModified":"2024-06-10T07:23:24+00:00","breadcrumb":{"@id":"http:\/\/strausspartner.com\/gr\/landesmesse-stuttgart\/#breadcrumb"},"inLanguage":"gr-GR","potentialAction":[{"@type":"ReadAction","target":["http:\/\/strausspartner.com\/gr\/landesmesse-stuttgart\/"]}]},{"@type":"BreadcrumbList","@id":"http:\/\/strausspartner.com\/gr\/landesmesse-stuttgart\/#breadcrumb","itemListElement":[{"@type":"ListItem","position":1,"name":"Home","item":"http:\/\/strausspartner.com\/gr\/"},{"@type":"ListItem","position":2,"name":"Landesmesse Stuttgart"}]},{"@type":"WebSite","@id":"http:\/\/strausspartner.com\/gr\/#website","url":"http:\/\/strausspartner.com\/gr\/","name":"Strausspartner","description":"","potentialAction":[{"@type":"SearchAction","target":{"@type":"EntryPoint","urlTemplate":"http:\/\/strausspartner.com\/gr\/?s={search_term_string}"},"query-input":{"@type":"PropertyValueSpecification","valueRequired":true,"valueName":"search_term_string"}}],"inLanguage":"gr-GR"}]}</script>
<!-- / Yoast SEO plugin. -->

Landesmesse Stuttgart er et af verdens største messeselskaber, med i alt 180.000 kvadratmeter udstillingsareal. På messerne i Stuttgart var der i 2022 / 2023, 13.558 udstillere og 596.086.besøgende. Som den officielle internationale repræsentant for Landesmesse Stuttgart GmbH i Skandinavien, er det vores opgave at servicere udstillere og besøgende. Vi servicerer også ministerier/institutioner, foreninger, handelskamre og [&hellip;]
