{"id":1992,"date":"2024-06-08T05:51:55","date_gmt":"2024-06-08T04:51:55","guid":{"rendered":"https:\/\/strausspartner.com\/landesmesse-stuttgart\/"},"modified":"2024-06-10T08:23:26","modified_gmt":"2024-06-10T07:23:26","slug":"landesmesse-stuttgart","status":"publish","type":"page","link":"http:\/\/strausspartner.com\/no\/landesmesse-stuttgart\/","title":{"rendered":"Landesmesse Stuttgart"},"content":{"rendered":"<p>[et_pb_section fb_built=&raquo;1&#8243; _builder_version=&raquo;4.25.1&#8243; _module_preset=&raquo;default&raquo; background_image=&raquo;http:\/\/strausspartner.com\/wp-content\/uploads\/2024\/06\/Baggrund-Stuttgart.jpg&raquo; global_colors_info=&raquo;{}&raquo;][et_pb_row column_structure=&raquo;1_2,1_2&#8243; make_equal=&raquo;on&raquo; _builder_version=&raquo;4.25.1&#8243; _module_preset=&raquo;default&raquo; custom_margin=&raquo;0px||||false|false&raquo; custom_padding=&raquo;0px||||false|false&raquo; hover_enabled=&raquo;0&#8243; global_colors_info=&raquo;{}&raquo; sticky_enabled=&raquo;0&#8243;][et_pb_column type=&raquo;1_2&#8243; _builder_version=&raquo;4.25.1&#8243; _module_preset=&raquo;default&raquo; background_color=&raquo;rgba(34,34,34,0.88)&raquo; custom_padding=&raquo;|50px|50px|50px|false|false&raquo; border_radii=&raquo;on|50px|50px|50px|50px&raquo; global_colors_info=&raquo;{}&raquo;][et_pb_image src=&raquo;http:\/\/strausspartner.com\/wp-content\/uploads\/2024\/06\/group-MC0.png&raquo; title_text=&raquo;group-MC0&#8243; align=&raquo;center&raquo; _builder_version=&raquo;4.25.1&#8243; _module_preset=&raquo;default&raquo; max_width=&raquo;250px&raquo; module_alignment=&raquo;center&raquo; filter_brightness=&raquo;200%&raquo; global_colors_info=&raquo;{}&raquo;][\/et_pb_image][et_pb_text _builder_version=&raquo;4.25.1&#8243; _module_preset=&raquo;default&raquo; text_orientation=&raquo;center&raquo; background_layout=&raquo;dark&raquo; custom_margin=&raquo;-50px||||false|false&raquo; global_colors_info=&raquo;{}&raquo;]<\/p>\n<p>Landesmesse Stuttgart er et af verdens st\u00f8rste messeselskaber, med i alt 180.000 kvadratmeter udstillingsareal.<\/p>\n<p>P\u00e5 messerne i Stuttgart var der i 2022 \/ 2023, 13.558 udstillere og 596.086.bes\u00f8gende.<\/p>\n<p>Som den officielle internationale repr\u00e6sentant for Landesmesse Stuttgart GmbH i Skandinavien, er det vores opgave at servicere udstillere og bes\u00f8gende. Vi servicerer ogs\u00e5 ministerier\/institutioner, foreninger, handelskamre og fagpressen.<\/p>\n<p>[\/et_pb_text][et_pb_button button_url=&raquo;https:\/\/strausspartner.com\/no\/kontakt\/&raquo; button_text=&raquo; Kontakt oss&raquo; button_alignment=&raquo;center&raquo; _builder_version=&raquo;4.25.1&#8243; _module_preset=&raquo;default&raquo; custom_css_main_element=&raquo;min-width:355px;&raquo; global_colors_info=&raquo;{}&raquo; custom_css_main_element_last_edited=&raquo;on|phone&raquo; custom_css_main_element_phone=&raquo;min-width:100%;&raquo; custom_css_main_element_tablet=&raquo;min-width:355px;&raquo;][\/et_pb_button][et_pb_button button_url=&raquo;https:\/\/www.messe-stuttgart.de\/en\/&raquo; url_new_window=&raquo;on&raquo; button_text=&raquo;Offesiell nettside &raquo; button_alignment=&raquo;center&raquo; _builder_version=&raquo;4.25.1&#8243; _module_preset=&raquo;default&raquo; custom_css_main_element=&raquo;min-width:355px;&raquo; global_colors_info=&raquo;{}&raquo; custom_css_main_element_last_edited=&raquo;on|phone&raquo; custom_css_main_element_phone=&raquo;min-width:100%;&raquo; custom_css_main_element_tablet=&raquo;min-width:355px;&raquo;][\/et_pb_button][\/et_pb_column][et_pb_column type=&raquo;1_2&#8243; _builder_version=&raquo;4.25.1&#8243; _module_preset=&raquo;default&raquo; background_enable_image=&raquo;off&raquo; custom_padding_phone=&raquo;||250px||false|false&raquo; custom_padding_last_edited=&raquo;off|desktop&raquo; hover_enabled=&raquo;0&#8243; border_radii=&raquo;on|50px|50px|50px|50px&raquo; global_colors_info=&raquo;{}&raquo; sticky_enabled=&raquo;0&#8243;][et_pb_image src=&raquo;http:\/\/strausspartner.com\/wp-content\/uploads\/2024\/06\/Kort-Stuttgart-scaled.jpg&raquo; title_text=&raquo;Kort Stuttgart&raquo; show_in_lightbox=&raquo;on&raquo; _builder_version=&raquo;4.25.1&#8243; _module_preset=&raquo;default&raquo; border_radii=&raquo;on|50px|50px|50px|50px&raquo; global_colors_info=&raquo;{}&raquo;][\/et_pb_image][\/et_pb_column][\/et_pb_row][\/et_pb_section]<\/p>\n","protected":false},"excerpt":{"rendered":"<p>Landesmesse Stuttgart er et af verdens st\u00f8rste messeselskaber, med i alt 180.000 kvadratmeter udstillingsareal. P\u00e5 messerne i Stuttgart var der i 2022 \/ 2023, 13.558 udstillere og 596.086.bes\u00f8gende. Som den officielle internationale repr\u00e6sentant for Landesmesse Stuttgart GmbH i Skandinavien, er det vores opgave at servicere udstillere og bes\u00f8gende. Vi servicerer ogs\u00e5 ministerier\/institutioner, foreninger, handelskamre og [&hellip;]<\/p>\n","protected":false},"author":5,"featured_media":0,"parent":0,"menu_order":0,"comment_status":"closed","ping_status":"closed","template":"","meta":{"_et_pb_use_builder":"on","_et_pb_old_content":"","_et_gb_content_width":"","footnotes":""},"class_list":["post-1992","page","type-page","status-publish","hentry"],"yoast_head":"<!-- This site is optimized with the Yoast SEO plugin v27.4 - https:\/\/yoast.com\/product\/yoast-seo-wordpress\/ -->\n<title>Landesmesse Stuttgart - Strausspartner<\/title>\n<meta name=\"robots\" content=\"index, follow, max-snippet:-1, max-image-preview:large, max-video-preview:-1\" \/>\n<link rel=\"canonical\" href=\"http:\/\/strausspartner.com\/no\/landesmesse-stuttgart\/\" \/>\n<meta property=\"og:locale\" content=\"nb_NO\" \/>\n<meta property=\"og:type\" content=\"article\" \/>\n<meta property=\"og:title\" content=\"Landesmesse Stuttgart - Strausspartner\" \/>\n<meta property=\"og:description\" content=\"Landesmesse Stuttgart er et af verdens st\u00f8rste messeselskaber, med i alt 180.000 kvadratmeter udstillingsareal. P\u00e5 messerne i Stuttgart var der i 2022 \/ 2023, 13.558 udstillere og 596.086.bes\u00f8gende. Som den officielle internationale repr\u00e6sentant for Landesmesse Stuttgart GmbH i Skandinavien, er det vores opgave at servicere udstillere og bes\u00f8gende. Vi servicerer ogs\u00e5 ministerier\/institutioner, foreninger, handelskamre og [&hellip;]\" \/>\n<meta property=\"og:url\" content=\"http:\/\/strausspartner.com\/no\/landesmesse-stuttgart\/\" \/>\n<meta property=\"og:site_name\" content=\"Strausspartner\" \/>\n<meta property=\"article:modified_time\" content=\"2024-06-10T07:23:26+00:00\" \/>\n<meta name=\"twitter:card\" content=\"summary_large_image\" \/>\n<meta name=\"twitter:label1\" content=\"Ansl. lesetid\" \/>\n\t<meta name=\"twitter:data1\" content=\"2 minutter\" \/>\n<script type=\"application\/ld+json\" class=\"yoast-schema-graph\">{\"@context\":\"https:\\\/\\\/schema.org\",\"@graph\":[{\"@type\":\"WebPage\",\"@id\":\"http:\\\/\\\/strausspartner.com\\\/no\\\/landesmesse-stuttgart\\\/\",\"url\":\"http:\\\/\\\/strausspartner.com\\\/no\\\/landesmesse-stuttgart\\\/\",\"name\":\"Landesmesse Stuttgart - Strausspartner\",\"isPartOf\":{\"@id\":\"http:\\\/\\\/strausspartner.com\\\/no\\\/#website\"},\"datePublished\":\"2024-06-08T04:51:55+00:00\",\"dateModified\":\"2024-06-10T07:23:26+00:00\",\"breadcrumb\":{\"@id\":\"http:\\\/\\\/strausspartner.com\\\/no\\\/landesmesse-stuttgart\\\/#breadcrumb\"},\"inLanguage\":\"nb-NO\",\"potentialAction\":[{\"@type\":\"ReadAction\",\"target\":[\"http:\\\/\\\/strausspartner.com\\\/no\\\/landesmesse-stuttgart\\\/\"]}]},{\"@type\":\"BreadcrumbList\",\"@id\":\"http:\\\/\\\/strausspartner.com\\\/no\\\/landesmesse-stuttgart\\\/#breadcrumb\",\"itemListElement\":[{\"@type\":\"ListItem\",\"position\":1,\"name\":\"Home\",\"item\":\"http:\\\/\\\/strausspartner.com\\\/no\\\/\"},{\"@type\":\"ListItem\",\"position\":2,\"name\":\"Landesmesse Stuttgart\"}]},{\"@type\":\"WebSite\",\"@id\":\"http:\\\/\\\/strausspartner.com\\\/no\\\/#website\",\"url\":\"http:\\\/\\\/strausspartner.com\\\/no\\\/\",\"name\":\"Strausspartner\",\"description\":\"\",\"potentialAction\":[{\"@type\":\"SearchAction\",\"target\":{\"@type\":\"EntryPoint\",\"urlTemplate\":\"http:\\\/\\\/strausspartner.com\\\/no\\\/?s={search_term_string}\"},\"query-input\":{\"@type\":\"PropertyValueSpecification\",\"valueRequired\":true,\"valueName\":\"search_term_string\"}}],\"inLanguage\":\"nb-NO\"}]}<\/script>\n<!-- \/ Yoast SEO plugin. -->","yoast_head_json":{"title":"Landesmesse Stuttgart - Strausspartner","robots":{"index":"index","follow":"follow","max-snippet":"max-snippet:-1","max-image-preview":"max-image-preview:large","max-video-preview":"max-video-preview:-1"},"canonical":"http:\/\/strausspartner.com\/no\/landesmesse-stuttgart\/","og_locale":"nb_NO","og_type":"article","og_title":"Landesmesse Stuttgart - Strausspartner","og_description":"Landesmesse Stuttgart er et af verdens st\u00f8rste messeselskaber, med i alt 180.000 kvadratmeter udstillingsareal. P\u00e5 messerne i Stuttgart var der i 2022 \/ 2023, 13.558 udstillere og 596.086.bes\u00f8gende. Som den officielle internationale repr\u00e6sentant for Landesmesse Stuttgart GmbH i Skandinavien, er det vores opgave at servicere udstillere og bes\u00f8gende. Vi servicerer ogs\u00e5 ministerier\/institutioner, foreninger, handelskamre og [&hellip;]","og_url":"http:\/\/strausspartner.com\/no\/landesmesse-stuttgart\/","og_site_name":"Strausspartner","article_modified_time":"2024-06-10T07:23:26+00:00","twitter_card":"summary_large_image","twitter_misc":{"Ansl. lesetid":"2 minutter"},"schema":{"@context":"https:\/\/schema.org","@graph":[{"@type":"WebPage","@id":"http:\/\/strausspartner.com\/no\/landesmesse-stuttgart\/","url":"http:\/\/strausspartner.com\/no\/landesmesse-stuttgart\/","name":"Landesmesse Stuttgart - Strausspartner","isPartOf":{"@id":"http:\/\/strausspartner.com\/no\/#website"},"datePublished":"2024-06-08T04:51:55+00:00","dateModified":"2024-06-10T07:23:26+00:00","breadcrumb":{"@id":"http:\/\/strausspartner.com\/no\/landesmesse-stuttgart\/#breadcrumb"},"inLanguage":"nb-NO","potentialAction":[{"@type":"ReadAction","target":["http:\/\/strausspartner.com\/no\/landesmesse-stuttgart\/"]}]},{"@type":"BreadcrumbList","@id":"http:\/\/strausspartner.com\/no\/landesmesse-stuttgart\/#breadcrumb","itemListElement":[{"@type":"ListItem","position":1,"name":"Home","item":"http:\/\/strausspartner.com\/no\/"},{"@type":"ListItem","position":2,"name":"Landesmesse Stuttgart"}]},{"@type":"WebSite","@id":"http:\/\/strausspartner.com\/no\/#website","url":"http:\/\/strausspartner.com\/no\/","name":"Strausspartner","description":"","potentialAction":[{"@type":"SearchAction","target":{"@type":"EntryPoint","urlTemplate":"http:\/\/strausspartner.com\/no\/?s={search_term_string}"},"query-input":{"@type":"PropertyValueSpecification","valueRequired":true,"valueName":"search_term_string"}}],"inLanguage":"nb-NO"}]}},"_links":{"self":[{"href":"http:\/\/strausspartner.com\/no\/wp-json\/wp\/v2\/pages\/1992","targetHints":{"allow":["GET"]}}],"collection":[{"href":"http:\/\/strausspartner.com\/no\/wp-json\/wp\/v2\/pages"}],"about":[{"href":"http:\/\/strausspartner.com\/no\/wp-json\/wp\/v2\/types\/page"}],"author":[{"embeddable":true,"href":"http:\/\/strausspartner.com\/no\/wp-json\/wp\/v2\/users\/5"}],"replies":[{"embeddable":true,"href":"http:\/\/strausspartner.com\/no\/wp-json\/wp\/v2\/comments?post=1992"}],"version-history":[{"count":10,"href":"http:\/\/strausspartner.com\/no\/wp-json\/wp\/v2\/pages\/1992\/revisions"}],"predecessor-version":[{"id":2330,"href":"http:\/\/strausspartner.com\/no\/wp-json\/wp\/v2\/pages\/1992\/revisions\/2330"}],"wp:attachment":[{"href":"http:\/\/strausspartner.com\/no\/wp-json\/wp\/v2\/media?parent=1992"}],"curies":[{"name":"wp","href":"https:\/\/api.w.org\/{rel}","templated":true}]}}

<p>[et_pb_section fb_built=&raquo;1&#8243; _builder_version=&raquo;4.25.1&#8243; _module_preset=&raquo;default&raquo; background_image=&raquo;http://strausspartner.com/wp-content/uploads/2024/06/Baggrund-Stuttgart.jpg&raquo; global_colors_info=&raquo;{}&raquo;][et_pb_row column_structure=&raquo;1_2,1_2&#8243; make_equal=&raquo;on&raquo; _builder_version=&raquo;4.25.1&#8243; _module_preset=&raquo;default&raquo; custom_margin=&raquo;0px||||false|false&raquo; custom_padding=&raquo;0px||||false|false&raquo; hover_enabled=&raquo;0&#8243; global_colors_info=&raquo;{}&raquo; sticky_enabled=&raquo;0&#8243;][et_pb_column type=&raquo;1_2&#8243; _builder_version=&raquo;4.25.1&#8243; _module_preset=&raquo;default&raquo; background_color=&raquo;rgba(34,34,34,0.88)&raquo; custom_padding=&raquo;|50px|50px|50px|false|false&raquo; border_radii=&raquo;on|50px|50px|50px|50px&raquo; global_colors_info=&raquo;{}&raquo;][et_pb_image src=&raquo;http://strausspartner.com/wp-content/uploads/2024/06/group-MC0.png&raquo; title_text=&raquo;group-MC0&#8243; align=&raquo;center&raquo; _builder_version=&raquo;4.25.1&#8243; _module_preset=&raquo;default&raquo; max_width=&raquo;250px&raquo; module_alignment=&raquo;center&raquo; filter_brightness=&raquo;200%&raquo; global_colors_info=&raquo;{}&raquo;][/et_pb_image][et_pb_text _builder_version=&raquo;4.25.1&#8243; _module_preset=&raquo;default&raquo; text_orientation=&raquo;center&raquo; background_layout=&raquo;dark&raquo; custom_margin=&raquo;-50px||||false|false&raquo; global_colors_info=&raquo;{}&raquo;]</p>
<p>Landesmesse Stuttgart er et af verdens største messeselskaber, med i alt 180.000 kvadratmeter udstillingsareal.</p>
<p>På messerne i Stuttgart var der i 2022 / 2023, 13.558 udstillere og 596.086.besøgende.</p>
<p>Som den officielle internationale repræsentant for Landesmesse Stuttgart GmbH i Skandinavien, er det vores opgave at servicere udstillere og besøgende. Vi servicerer også ministerier/institutioner, foreninger, handelskamre og fagpressen.</p>
<p>[/et_pb_text][et_pb_button button_url=&raquo;https://strausspartner.com/no/kontakt/&raquo; button_text=&raquo; Kontakt oss&raquo; button_alignment=&raquo;center&raquo; _builder_version=&raquo;4.25.1&#8243; _module_preset=&raquo;default&raquo; custom_css_main_element=&raquo;min-width:355px;&raquo; global_colors_info=&raquo;{}&raquo; custom_css_main_element_last_edited=&raquo;on|phone&raquo; custom_css_main_element_phone=&raquo;min-width:100%;&raquo; custom_css_main_element_tablet=&raquo;min-width:355px;&raquo;][/et_pb_button][et_pb_button button_url=&raquo;https://www.messe-stuttgart.de/en/&raquo; url_new_window=&raquo;on&raquo; button_text=&raquo;Offesiell nettside &raquo; button_alignment=&raquo;center&raquo; _builder_version=&raquo;4.25.1&#8243; _module_preset=&raquo;default&raquo; custom_css_main_element=&raquo;min-width:355px;&raquo; global_colors_info=&raquo;{}&raquo; custom_css_main_element_last_edited=&raquo;on|phone&raquo; custom_css_main_element_phone=&raquo;min-width:100%;&raquo; custom_css_main_element_tablet=&raquo;min-width:355px;&raquo;][/et_pb_button][/et_pb_column][et_pb_column type=&raquo;1_2&#8243; _builder_version=&raquo;4.25.1&#8243; _module_preset=&raquo;default&raquo; background_enable_image=&raquo;off&raquo; custom_padding_phone=&raquo;||250px||false|false&raquo; custom_padding_last_edited=&raquo;off|desktop&raquo; hover_enabled=&raquo;0&#8243; border_radii=&raquo;on|50px|50px|50px|50px&raquo; global_colors_info=&raquo;{}&raquo; sticky_enabled=&raquo;0&#8243;][et_pb_image src=&raquo;http://strausspartner.com/wp-content/uploads/2024/06/Kort-Stuttgart-scaled.jpg&raquo; title_text=&raquo;Kort Stuttgart&raquo; show_in_lightbox=&raquo;on&raquo; _builder_version=&raquo;4.25.1&#8243; _module_preset=&raquo;default&raquo; border_radii=&raquo;on|50px|50px|50px|50px&raquo; global_colors_info=&raquo;{}&raquo;][/et_pb_image][/et_pb_column][/et_pb_row][/et_pb_section]</p>

<p>Landesmesse Stuttgart er et af verdens største messeselskaber, med i alt 180.000 kvadratmeter udstillingsareal. På messerne i Stuttgart var der i 2022 / 2023, 13.558 udstillere og 596.086.besøgende. Som den officielle internationale repræsentant for Landesmesse Stuttgart GmbH i Skandinavien, er det vores opgave at servicere udstillere og besøgende. Vi servicerer også ministerier/institutioner, foreninger, handelskamre og [&hellip;]</p>

<!-- This site is optimized with the Yoast SEO plugin v27.4 - https://yoast.com/product/yoast-seo-wordpress/ -->
<title>Landesmesse Stuttgart - Strausspartner</title>
<meta name="robots" content="index, follow, max-snippet:-1, max-image-preview:large, max-video-preview:-1" />
<link rel="canonical" href="http://strausspartner.com/no/landesmesse-stuttgart/" />
<meta property="og:locale" content="nb_NO" />
<meta property="og:type" content="article" />
<meta property="og:title" content="Landesmesse Stuttgart - Strausspartner" />
<meta property="og:description" content="Landesmesse Stuttgart er et af verdens største messeselskaber, med i alt 180.000 kvadratmeter udstillingsareal. På messerne i Stuttgart var der i 2022 / 2023, 13.558 udstillere og 596.086.besøgende. Som den officielle internationale repræsentant for Landesmesse Stuttgart GmbH i Skandinavien, er det vores opgave at servicere udstillere og besøgende. Vi servicerer også ministerier/institutioner, foreninger, handelskamre og [&hellip;]" />
<meta property="og:url" content="http://strausspartner.com/no/landesmesse-stuttgart/" />
<meta property="og:site_name" content="Strausspartner" />
<meta property="article:modified_time" content="2024-06-10T07:23:26+00:00" />
<meta name="twitter:card" content="summary_large_image" />
<meta name="twitter:label1" content="Ansl. lesetid" />
	<meta name="twitter:data1" content="2 minutter" />
<script type="application/ld+json" class="yoast-schema-graph">{"@context":"https:\/\/schema.org","@graph":[{"@type":"WebPage","@id":"http:\/\/strausspartner.com\/no\/landesmesse-stuttgart\/","url":"http:\/\/strausspartner.com\/no\/landesmesse-stuttgart\/","name":"Landesmesse Stuttgart - Strausspartner","isPartOf":{"@id":"http:\/\/strausspartner.com\/no\/#website"},"datePublished":"2024-06-08T04:51:55+00:00","dateModified":"2024-06-10T07:23:26+00:00","breadcrumb":{"@id":"http:\/\/strausspartner.com\/no\/landesmesse-stuttgart\/#breadcrumb"},"inLanguage":"nb-NO","potentialAction":[{"@type":"ReadAction","target":["http:\/\/strausspartner.com\/no\/landesmesse-stuttgart\/"]}]},{"@type":"BreadcrumbList","@id":"http:\/\/strausspartner.com\/no\/landesmesse-stuttgart\/#breadcrumb","itemListElement":[{"@type":"ListItem","position":1,"name":"Home","item":"http:\/\/strausspartner.com\/no\/"},{"@type":"ListItem","position":2,"name":"Landesmesse Stuttgart"}]},{"@type":"WebSite","@id":"http:\/\/strausspartner.com\/no\/#website","url":"http:\/\/strausspartner.com\/no\/","name":"Strausspartner","description":"","potentialAction":[{"@type":"SearchAction","target":{"@type":"EntryPoint","urlTemplate":"http:\/\/strausspartner.com\/no\/?s={search_term_string}"},"query-input":{"@type":"PropertyValueSpecification","valueRequired":true,"valueName":"search_term_string"}}],"inLanguage":"nb-NO"}]}</script>
<!-- / Yoast SEO plugin. -->

Landesmesse Stuttgart er et af verdens største messeselskaber, med i alt 180.000 kvadratmeter udstillingsareal. På messerne i Stuttgart var der i 2022 / 2023, 13.558 udstillere og 596.086.besøgende. Som den officielle internationale repræsentant for Landesmesse Stuttgart GmbH i Skandinavien, er det vores opgave at servicere udstillere og besøgende. Vi servicerer også ministerier/institutioner, foreninger, handelskamre og [&hellip;]
